pose -z*w - 19 = -4*w. Let b = 3 + 7. What is the remainder when w is divided by b?
9
Let t(x) = 6*x**2 - 16*x - 16. Let y(z) = 7*z**2 - 16*z - 15. Let v(i) = -6*t(i) + 5*y(i). What is the remainder when v(12) is divided by 14?
13
Suppose 5*h = -54 + 334. Let d = 79 - h. Let i = d - 12. Calculate the remainder when 20 is divided by i.
9
Let l(d) = 2*d**2 - 2*d + 10. What is the remainder when 208 is divided by l(-5)?
68
Let k = -70 + 72. Suppose k*s = 3*c + 2, 3*s - 2 = 4*s - 3*c. Calculate the remainder when 11 is divided by s.
3
Suppose y = 5*q - y + 55, 5*y = 4*q + 27. Let i = q + 67. Let s = 149 - i. What is the remainder when s is divided by 32?
31
Let j = -275 - -308. Calculate the remainder when j is divided by 13.
7
Let v = 121 + -20. Let r(t) = 2*t - 13. What is the remainder when v is divided by r(15)?
16
Let b(i) = i**3 - 32*i**2 + 63*i + 17. What is the remainder when b(30) is divided by 96/6 - 2/(-1)?
17
Suppose g = -2*r + 2, r - 8 = -2*g - r. Let f = 11 + 50. Suppose 0 = 2*q - c - 43, -f = -4*q + q + 5*c. What is the remainder when q is divided by g?
4
Let n(l) = l**3 - l**2 - 2*l + 3. Let t be n(2). Suppose 5 = t*h - 19. Calculate the remainder when h is divided by ((-8)/20)/(3/(-15)).
0
Suppose 2*s - 25 = -3*s, -y + 31 = -3*s. Suppose -2*l - 364 = -4*v, 4*v = l + 455 - 91. What is the remainder when v is divided by y?
45
Suppose -3*o - 15 = -6*o. Let l be (0 + -2)*(0 + o). What is the remainder when 4 is divided by (9 + l)/((-1)/4)?
0
Let z = 1 - 2. Let k = -72 - -126. What is the remainder when 5/(57/k + z) is divided by 31?
28
Let r be (10/(-4) + 2)*-6. Let s be 8/(-16) + 10/4. Suppose s*u - u = -5, -4*x - r*u = -153. What is the remainder when x is divided by 12?
6
Let d = -257 - -310. Calculate the remainder when 900 is divided by d.
52
Suppose -k + 8 = -i - 30, k - 3*i - 36 = 0. Calculate the remainder when k is divided by 11.
6
Let x be ((-2)/(-3)*3)/(-2). Let v = 5 + x. Suppose 11 = y - 3*z, -v*z + 7 - 37 = -2*y. What is the remainder when y is divided by 13?
10
Let j(w) = w + 1. Let k be j(3). Suppose 80 = k*h - 0*h. Suppose -3*q = -4*y - 190, 0 = 5*q - 5*y - 78 - 232. Calculate the remainder when q is divided by h.
18
Let h = 14 + 12. What is the remainder when h is divided by 3?
2
Let w = -2 - -6. Suppose h - r = 2*h - 33, 0 = -w*h + 5*r + 159. Calculate the remainder when h is divided by 19.
17
Let m(f) = 2*f**2 - 9*f. Let b(c) = -6*c**2 + 28*c. Let q(z) = 3*b(z) + 8*m(z). What is the remainder when 30 is divided by q(5)?
0
Calculate the remainder when 84 is divided by -5 - ((-12)/(-32) - (-428)/(-32)).
4
Let d = 322 - 211. What is the remainder when d is divided by 18?
3
Let c = -4 - -16. Suppose z = -3*z - 184. Let l = z + 68. Calculate the remainder when l is divided by c.
10
Calculate the remainder when (-135)/75*(-2 - 33) is divided by 56.
7
Let d be 8/(-10)*(-5 + 0). Suppose -5*z + 15 = 0, d*k + z = 2*z + 41. Calculate the remainder when 31 is divided by k.
9
Calculate the remainder when 141 is divided by (-2)/(-8) - (-2793)/76.
30
Suppose -17*p + 35 = -10*p. Let l(o) = 2*o**2 - 7*o + 10. What is the remainder when 96 is divided by l(p)?
21
Suppose 3*x + 330 = 3*y, -y - 2*y = -5*x - 336. Suppose y = 3*v + 20. What is the remainder when v is divided by 6?
5
What is the remainder when 290 is divided by (2/5)/(-13*20/(-13000))?
10
Suppose 479 = x - 11*t + 9*t, -3*t - 9 = 0. What is the remainder when x is divided by 79?
78
Let j be (-557)/((-19)/(-10) + -2). Let p be 3/(-12) + j/8. What is the remainder when (-2)/(-5) + p/10 is divided by 24?
22
Let h be (-23)/(-7) + 4/(-14). Let f be 4*(-3)/6 + h. What is the remainder when (-20)/(-3 - -2 - f) is divided by 4?
2
Suppose -88 - 59 = -3*h. Suppose -41 - h = -3*f. What is the remainder when 118 is divided by f?
28
Let b(r) = 5*r**2 - 381*r + 140. Calculate the remainder when 697 is divided by b(76).
57
Suppose -3*l = -3*b - 219, 2*l - 5*b + 8*b = 146. Suppose -18*s - 8 + 278 = 0. What is the remainder when l is divided by s?
13
Let b = -76 + 158. Suppose 24*w + 64 - 592 = 0. Calculate the remainder when w is divided by b/7 - (-4)/14.
10
Let i(u) = 12*u - 15. Let v be i(2). Calculate the remainder when 101 is divided by 6/v - 157/(-3).
48
Suppose 38 = -a + 3*a. Let b = 4 - a. Calculate the remainder when -3*(b + 4 + -4) is divided by 8.
5
Suppose 4 = -u + 4*g, -4*g + 14 = -6. Suppose 4 = u*a - 12*a. What is the remainder when 10 - 11 - (-21)/a is divided by 8?
4
Let a = -23 + 99. Suppose 3*z - a = -z. Let s = 295 - 285. What is the remainder when z is divided by s?
9
Suppose 5*o = o + 172. Let p = o - 22. Calculate the remainder when p is divided by 18*(8/(-3) + 3).
3
Suppose -5*f = k - 0*k - 87, 3*k - 3*f = 333. Let h(g) = 2*g + 3. What is the remainder when k is divided by h(12)?
26
Let h(j) = -2*j - 38. Let x be h(-21). What is the remainder when 30 is divided by -33*x/24*-1*2?
8
Let n(d) = d**3 + 13*d**2 - 9*d - 3. Let z be n(-14). Let j = z + 75. Calculate the remainder when 3 is divided by j.
1
Calculate the remainder when (-2)/(-5) - ((-6224)/40 + 11) is divided by 30.
25
Let u(r) = r**2 + 16*r - 21. Let h be u(9). Suppose -5*t + 31 + h = 0. What is the remainder when 281 is divided by t?
46
Let y be -3 - -6 - (-1 + 18). What is the remainder when 2 is divided by -7*(60/y + 4)?
0
Let k be 3 - 1/(2/10). Let q(b) = b**2 + 7*b - 8. Let c be q(-9). What is the remainder when k*1 - (1 - c) is divided by 4?
3
Suppose -33*l = -28*l - 25. Suppose -14 = -2*t + 24. Calculate the remainder when t is divided by l.
4
Suppose 5*p = -5*f - 65, 5*f = p - 0*p + 19. Let d(q) = -12*q. Let m(w) = 2*w - 1. Let u(z) = d(z) + 5*m(z). Calculate the remainder when 90 is divided by u(p).
21
Calculate the remainder when 57 is divided by -4 - (2/(-4))/(24/1296).
11
Suppose 20*z - 152 = 8. What is the remainder when 93 is divided by z?
5
Let a(s) = -4*s + 16. Let d(u) = -u + 1. Let y(i) = a(i) - 5*d(i). Calculate the remainder when 133 is divided by y(6).
14
Suppose 4*w = 114 - 18. Calculate the remainder when 29 is divided by (8/(-16))/((-2)/w).
5
What is the remainder when 3167*2/30 - (-36)/(-270) is divided by 57?
40
Suppose l + 5*a + 4 = 0, 12*l - 2*a = 9*l + 5. Suppose 3*o - 10 = 2*o. Calculate the remainder when ((-3)/9)/(2*l/(-174)) is divided by o.
9
Let j = 5 + -8. Let a be 7 + (-2 - (-2 - j)). Suppose 3*i - 17 = a. What is the remainder when 12 is divided by i?
5
Suppose -b - 10 = 32. Let w = -2 - b. What is the remainder when w - (2 - 0) - 3 is divided by 9?
8
Let s(n) = n**3 + 6*n**2 + n - 12. Let q(f) = f**2 - 11*f + 13. Let w be q(9). Calculate the remainder when 13 is divided by s(w).
5
Suppose 1 = -z + 3. Let n(g) = g**3 - 9*g**2 - 14*g + 13. Let j be n(10). Calculate the remainder when (-12)/30 + j/(-5) is divided by z.
1
Let l(s) = s**2 + 18*s + 71. Calculate the remainder when 21 is divided by l(-5).
3
Suppose -11*t - 9 + 196 = 0. Suppose 0 = -2*u + u + 10. What is the remainder when t is divided by u?
7
Let a = 2233 + -1490. What is the remainder when a is divided by 25?
18
Let r = -11 + 19. Let t(y) = y - 8. Let q be t(r). Suppose 6 = n - q*n. What is the remainder when n is divided by 5?
1
Suppose 3*f + 120 = k, 14*f - k = 17*f + 126. Let p = -17 - f. Let u(g) = -g**3 + 9*g**2 - 2*g - 3. Calculate the remainder when u(4) is divided by p.
21
Let v = 2 - -1. Let o(s) = -5*s - 57. Let h(f) = 20*f + 228. Let m(k) = -2*h(k) - 9*o(k). Calculate the remainder when v is divided by m(-11).
1
Let f = -2917 - -2930. Let d(i) = -7*i. Calculate the remainder when d(-7) is divided by f.
10
Suppose -208 = -3*g - v, -5*g - 557 + 898 = -4*v. What is the remainder when g is divided by (-290)/(-8) + (-2)/8?
33
Let y(z) = -z**3 + 6*z**2 - 3*z - 4. Let f be y(3). Suppose 42 + f = h. What is the remainder when h is divided by 15?
11
Let r = -590 + 968. What is the remainder when r is divided by 32?
26
Suppose 13*j - 497 = -68. What is the remainder when 111 is divided by j?
12
Suppose 6 = -u - 4*m, -4*m + 2 = -0*u + 5*u. Suppose 0 = 50*j - 55*j + 185. Let t = 38 - j. What is the remainder when u is divided by t?
0
Let o be 2 + 2*(-1)/1. Suppose o = 5*m - 0*m + 15. Calculate the remainder when 70 - (m - -5 - 3) is divided by 18.
17
Suppose 2*u + 10 = 2*g, 4*u + 3*g + 20 = g. Let b = u 